(i) = 2*i**2 + 3*i. Determine c(j).
2
Let v be 0 + -2 + 0 + 2. Let n(b) = 1 + v*b - 3*b + b**2 - 2*b. Let x(c) = -48*c - 45. Let i be x(-1). Give n(i).
-5
Let o be ((-3)/(-4))/(12/48). Let v(s) = -s**3 + 4*s**2 - 2*s + 2. Let n be v(2). Let k = n - o. Let j(a) = a - 6. What is j(k)?
-3
Let n(l) = -10*l + 1. Let g(z) = -17*z + 2. Let t(j) = 3*g(j) - 5*n(j). What is t(-11)?
12
Let q(i) = i**2 + 6*i - 3. Let j(z) be the third derivative of -z**4/24 - z**3/3 + 15*z**2. Let c be j(4). Give q(c).
-3
Let i(x) = 13*x - 1 - 12*x + x**2 - x**3 - 3*x. Determine i(3).
-25
Let g(y) = 1 + 0*y**2 + 12*y**2 - 21*y**2. Give g(1).
-8
Let z(g) = 3*g**2 + 8*g + 5. Suppose -5*l = -3*a + 4, -9*a + 5*a = 8. Give z(l).
1
Let v be (1 - (-3)/5) + 10/25. Let t(k) = -22*k + 3. Calculate t(v).
-41
Let d(u) = u**2 + 12*u + 5. Suppose 526 - 598 = 6*t. Determine d(t).
5
Suppose 5*d = -5*i + 10, -15 = -2*i + 7*i. Let k(y) = 11 - 4 - y**2 - 2 + 0*y**2 + y. Calculate k(d).
-15
Let t(r) be the second derivative of -2*r**5/5 + r. Let h(d) = d**3 + 13*d + 13. Let g be h(-1). Give t(g).
8
Let x(k) = -5*k**3 + 18*k**2 + 5*k + 8. Let a(i) = i**3 - i**2 - i + 2. Let z(q) = -4*a(q) - x(q). Calculate z(14).
-30
Let f(o) = 21*o + 20*o - 44*o - 18. Calculate f(-9).
9
Let l be (3/6)/(3*(-3)/(-54)). Suppose -l*d = -3*u + 3, -3 = -0*d + d - 2*u. Let k(y) = y**3 - y + 1. Calculate k(d).
1
Let z = -18 - 8. Let b be 4/26 + (-152)/z. Let j(c) = 2*c - 3*c + 6*c - 4*c - 1. What is j(b)?
5
Let u be (0/2 + -1)/(-1). Let m(j) = -u - 24*j + 21*j + 6 - j**2. Suppose 0*w - 5*o = 2*w + 15, -2*w = 4*o + 14. Calculate m(w).
-5
Let x(w) be the third derivative of w**4/24 + w**3/6 - 21*w**2 - w. Determine x(-4).
-3
Let n(x) = 3*x**3 - 1. Let j be n(1). Suppose -d - 3 = -j*d. Suppose -u - 2*u = -d. Let b(p) = -6*p**3 - p**2 - p + 1. What is b(u)?
-7
Let a(u) = -2*u - 20 - 5 + 30 - 9 - 16. Calculate a(-6).
-8
Let s(n) = 4*n - 66*n**2 + 182*n**2 + 6 - 60*n**2 - 57*n**2. Give s(3).
9
Let o(q) = -2*q**2 + q. Let y(m) = -m**3 + 4*m**2 + 2*m - 3. Let c(h) = -5*o(h) - y(h). Give c(-7).
3
Let l(w) be the third derivative of -7/6*w**3 - 11/24*w**4 + w**2 - 1/30*w**5 + 0*w + 0. Let u be l(-5). Let v(x) = x**3 + 2*x**2 + 2*x + 2. What is v(u)?
-2
Suppose -60*r = -63*r + 3. Let z(l) = 2*l - 2. What is z(r)?
0
Suppose 23*u - 294 = -41. Let c(w) = w**3 - 10*w**2 - 10*w - 11. What is c(u)?
0
Let g(c) = 25*c + 14*c - 54*c + 17*c + 1. Determine g(1).
3
Let t(l) = -2*l**2 + 54*l + 52. Let r = -1082 + 1110. Calculate t(r).
-4
Suppose -2*o + 5 = 11. Let k(u) be the second derivative of 1/6*u**3 + 2*u**2 + 0 + 4*u. Calculate k(o).
1
Let a(t) = 0*t + 97 - 18*t**2 + 2*t - 128 - t + t**3. Give a(18).
-13
Let w(z) = 0*z**2 - 21*z - 13 - z**2 + 2 + 29*z. Calculate w(4).
5
Let l = 8 - 4. Suppose 0*b + 4 = l*b. Let j(p) = -2*p - 1. Let z be j(b). Let o(v) = -v**3 - 2*v**2 + v - 3. Give o(z).
3
Let d(x) be the first derivative of -x**3/3 - x**2/2 + 27*x - 480. Give d(0).
27
Let c(i) be the third derivative of -i**4/24 + 2*i**3 + 8*i**2. Let o be c(9). Let j(p) = 7*p - p + 0*p - o + p**2 + 8. What is j(-5)?
0
Let v = -4082 - -4080. Let b(i) be the third derivative of 1/60*i**5 - 1/6*i**3 + 1/120*i**6 + 0*i + 0 + 1/24*i**4 - i**2. What is b(v)?
-7
Let s be (8/12)/((-4)/(-36)). Let k be (-1)/2*(s + -6). Let l(i) = -i**3 + i**2 + i + 11. Calculate l(k).
11
Let f(u) = -u - 4. Suppose q + 60 = 7*q. Suppose q*i - 11*i = 8. Determine f(i).
4
Let p(x) = -66*x**2 - 20*x - 2. Let w(s) = 32*s**2 + 9*s + 1. Let m(o) = 3*p(o) + 7*w(o). Give m(-1).
24
Suppose 0*j + 3*j + c - 20 = 0, -3*j + 5*c - 10 = 0. Let x(d) = -5*d + j + 6*d - 2*d. Suppose 5*i + 8 = -22. What is x(i)?
11
Suppose -2*d - m - 2 = -d, 5*d + m - 6 = 0. Let s be (-6)/9*15/d. Let g(t) be the third derivative of t**5/60 + t**4/6 + 7*t**3/6 + 18*t**2. Give g(s).
12
Let a be 9 + -13 - (-3 - 4). Suppose -m = 4*z - 6, 0*z + z + 5 = 3*m. Let j(b) = -b**2 + m*b**2 - 2*b**2 + b + 2. Give j(a).
-4
Suppose 0 = -b - 3, -1 + 16 = 5*v + 5*b. Let u = 42 - 35. Let y(a) = 11*a**3 - 4 - 3*a - 3*a + u*a**3 - 17*a**3 - 5*a**2. Calculate y(v).
-4
Let l(b) = 15*b + 11. Let c(t) = -3*t + 19. Let i be c(10). Let g(m) = 5*m + 4. Let q(n) = i*g(n) + 4*l(n). Determine q(1).
5
Suppose -3*j = -7 - 5. Suppose 2*n + 12 = 16. Let m(v) = 6 - n - 3 + 0*v - v. Determine m(j).
-3
Suppose -4*c + 3*q = -6, -c - 3*q + 31 = 22. Let j(b) be the third derivative of 0*b**4 - 1/15*b**5 + 0 - 1/3*b**c - 2*b**2 + 0*b + 1/120*b**6. Give j(4).
-2
Let k = -16 - -17. Suppose -7 = -w + k. Let x(y) = -11*y - 3. Let b(m) = 7*m + 2. Let l(s) = w*b(s) + 5*x(s). What is l(5)?
6
Suppose -3*t - 129 = -144. Let z(h) = -h**3 + 4*h**2 + 6*h + 1. Determine z(t).
6
Let a(z) = 2*z - 11. Suppose -4 = -m - 2. Suppose -5*g = -3*y + 24, -m*y + 0*g = 4*g - 16. Let i be a(y). Let c(t) = -t**3 + 6*t**2 - 2*t - 7. Calculate c(i).
8
Suppose 9 = -16*p + 41. Let v(w) = 5*w - 4. What is v(p)?
6
Let j(v) = -3*v - 3. Let r(y) = 4*y + 2. Let a(q) = 3*j(q) + 2*r(q). Suppose -4*l + 5*i + 35 = 0, 12*l = 13*l - 4*i - 17. Calculate a(l).
-10
Let t = -2721 - -2725. Let g(w) = w**3 - 3*w**2 + 2*w + 2. Let b(d) = d**2 + d - 1. Let h(c) = -b(c) + g(c). Calculate h(t).
7
Let x = -657 + 1315/2. Let r(t) be the first derivative of -4 - t + x*t**2. What is r(-3)?
-4
Let g(a) = -3*a - 10. Let u(i) = 4*i + 5. Let n(v) = 2*g(v) + 3*u(v). What is n(2)?
7
Let j(t) = -4*t**3 + t + t**3 - 9*t**2 + 40 - 42 + 2*t**3. What is j(-9)?
-11
Let d be 1111/77 - 10 - (-3)/(-7). Let s(m) = -3*m**3 + 9*m**2 - 8*m + 20. Let z(n) = -n**3 + 3*n**2 - 3*n + 7. Let x(a) = 6*s(a) - 17*z(a). Calculate x(d).
-3
Let o(u) = u**2 - u - 2. Let q(t) = 6*t**2 - t - 6. Let f(h) = -3*o(h) + q(h). What is f(1)?
5
Let r(z) = -32 - 36 - 39 - z + 138 - 38. Give r(11).
-18
Let b(y) = 5 - 346614*y**3 + 7*y - 3*y**2 + 346613*y**3 - 2*y**2. Suppose f = 4*t - 10, -f - t + 4*t = 9. Give b(f).
-1
Let b(m) = 4*m**2 + 12*m - 1. Let a(j) = -j**2 - j - 1. Let v(d) = 3*a(d) + b(d). Suppose 291*p - 5*x = 296*p + 25, -5*p = 3*x + 33. Determine v(p).
-4
Let s(p) = -p + 5. Let d(m) = 3*m - 20. Let h be d(8). Suppose -h*i + i = 0. Suppose -z = 2*a + 2, i = 3*z - a - 13 - 2. Give s(z).
1
Let i(q) be the third derivative of q**3/6 - 13*q**2. Let x(j) = 3*j + 21. Let c(t) = 18*i(t) - x(t). What is c(-4)?
9
Let r(y) = 11*y - 2. Let n(q) = 3*q. Let f(a) = 2*n(a) - r(a). Let l = 1 + -3. What is f(l)?
12
Let x(y) be the first derivative of 1/2*y**2 + 5*y + 28. Determine x(0).
5
Let r(s) = 12*s + 9 - 13 - 12*s + 32 - 5*s. What is r(7)?
-7
Suppose 11*u = 7*u - 164. Let p be u/(-4) - (-4)/(-16). Let c(r) = r**3 - 9*r**2 - 11*r + 13. Determine c(p).
3
Let m(t) = 2*t - 2*t + t**3 + 10 - 8*t - 6*t**2. Let n = -2052 - -2059. Determine m(n).
3
Let r(m) = 2*m - 12. Suppose -g - 88 + 94 = 0. What is r(g)?
0
Let v = -14 - -20. Let o be (v/(-9))/2*(-3 + -9). Let i(j) = -j**3 + 3*j**2 + 2*j + 4. What is i(o)?
-4
Let t = -76 + 70. Let s(j) = 2*j**2 + 7*j + 2. What is s(t)?
32
Let t(w) = -10*w - 4. Let d(a) = -57*a - 25. Let n(p) = -6*d(p) + 34*t(p). Give n(-7).
0
Let g be 4/10 + 252/(-30). Let t be -2*(140/g - 1). Suppose -3*n + 5*c - 4 = 1, -5*n - 3*c = -t. Let k(b) = -b - 6. Give k(n).
-11
Let s(l) be the third derivative of 7*l**2 + 1/3*l**4 + 1/120*l**6 + 0*l + 2/15*l**5 - 2/3*l**3 + 0. Calculate s(-7).
-11
Let z(s) = -s**3 - 6*s**2 - 2*s - 6. Let n(b) = 3*b**3 + 6*b**2 + 3*b. Let i(l) = -l**3 + l**2 + 2*l - 2. Let q be i(0). Let t be n(q). Determine z(t).
6
Let x(u) = u**2 - 8*u + 2. Let m be 6 - ((-36)/4 + 5). What is x(m)?
22
Let c = -195 - -191. Let o(n) = n**2 + 2*n - 3. What is o(c)?
5
Let i = 10 - 16. Let h(v) be the second derivative of v**3 + 0 + v + 1/12*v**4 - 3*v**2. Calculate h(i).
-6
Let w be 836/(-924) + (-4)/42. Let i(r) = -8*r**2 + 11*r. Let m(a) = 4*a**2 - 6*a. Let t(q) = 6*i(q) + 11*m(q). Calculate t(w).
-4
Let f = 1310 + -1314. Let s(v) = v**3 + 5*v**2 + 2*v - 6. Give s(f).
2
Let k(m) = -4*m**2 - 110*m + 49. Let o be k(-28). Let b(t) = -t**3 - 5*t**2 + 15*t + 7. Calculate b(o).
0
Suppose 5*q + 2*w - 76 = 4*q, -3*q - w = -228. Suppose q*x - 8 = 77*x. Let t(d) = -d - 12. What is t(x)?
-4
Let k(o) be the second derivative of 1/20*o**5 + 8*o + 0 + 3*o**2 + 1/3*o**3 + 1/2*o**4. Calculate k(-6).
-6
Let p(s) = 19*s**2 + 7*s + 33. Le